{"id":1400,"date":"2025-01-28T13:20:55","date_gmt":"2025-01-28T13:20:55","guid":{"rendered":"https:\/\/electricien-depannage-colmar.fr\/?page_id=1400"},"modified":"2025-01-30T12:25:55","modified_gmt":"2025-01-30T12:25:55","slug":"maintenance-prises-electriques","status":"publish","type":"page","link":"https:\/\/electricien-depannage-colmar.fr\/?page_id=1400","title":{"rendered":"Maintenance Prises \u00e9lectriques"},"content":{"rendered":"\t\t<div data-elementor-type=\"wp-page\" data-elementor-id=\"1400\" class=\"elementor elementor-1400\" data-elementor-post-type=\"page\">\n\t\t\t\t<div class=\"elementor-element elementor-element-6417ef8 e-flex e-con-boxed e-con e-parent\" data-id=\"6417ef8\" data-element_type=\"container\" data-e-type=\"container\">\n\t\t\t\t\t<div class=\"e-con-inner\">\n\t\t\t\t<div class=\"elementor-element elementor-element-e1ca2b4 elementor-align-left elementor-widget elementor-widget-button\" data-id=\"e1ca2b4\" data-element_type=\"widget\" data-e-type=\"widget\" data-widget_type=\"button.default\">\n\t\t\t\t<div class=\"elementor-widget-container\">\n\t\t\t\t\t\t\t\t\t<div class=\"elementor-button-wrapper\">\n\t\t\t\t\t<a class=\"elementor-button elementor-button-link elementor-size-sm\" href=\"tel:+33651899318\">\n\t\t\t\t\t\t<span class=\"elementor-button-content-wrapper\">\n\t\t\t\t\t\t<span class=\"elementor-button-icon\">\n\t\t\t\t<svg aria-hidden=\"true\" class=\"e-font-icon-svg e-fas-phone-alt\" viewBox=\"0 0 512 512\" xmlns=\"http:\/\/www.w3.org\/2000\/svg\"><path d=\"M497.39 361.8l-112-48a24 24 0 0 0-28 6.9l-49.6 60.6A370.66 370.66 0 0 1 130.6 204.11l60.6-49.6a23.94 23.94 0 0 0 6.9-28l-48-112A24.16 24.16 0 0 0 122.6.61l-104 24A24 24 0 0 0 0 48c0 256.5 207.9 464 464 464a24 24 0 0 0 23.4-18.6l24-104a24.29 24.29 0 0 0-14.01-27.6z\"><\/path><\/svg>\t\t\t<\/span>\n\t\t\t\t\t\t\t\t\t<span class=\"elementor-button-text\">URGENCE<\/span>\n\t\t\t\t\t<\/span>\n\t\t\t\t\t<\/a>\n\t\t\t\t<\/div>\n\t\t\t\t\t\t\t\t<\/div>\n\t\t\t\t<\/div>\n\t\t\t\t<div class=\"elementor-element elementor-element-484202b elementor-widget elementor-widget-heading\" data-id=\"484202b\" data-element_type=\"widget\" data-e-type=\"widget\" data-widget_type=\"heading.default\">\n\t\t\t\t<div class=\"elementor-widget-container\">\n\t\t\t\t\t<h2 class=\"elementor-heading-title elementor-size-default\">Maintenance Prise \u00c9lectrique \u00e0 Colmar  Garantissez la s\u00e9curit\u00e9 et la fiabilit\u00e9 de votre installation \u00e9lectrique !<\/h2>\t\t\t\t<\/div>\n\t\t\t\t<\/div>\n\t\t\t\t\t<\/div>\n\t\t\t\t<\/div>\n\t\t<div class=\"elementor-element elementor-element-f39d8a4 e-flex e-con-boxed e-con e-parent\" data-id=\"f39d8a4\" data-element_type=\"container\" data-e-type=\"container\">\n\t\t\t\t\t<div class=\"e-con-inner\">\n\t\t\t\t<div class=\"elementor-element elementor-element-6ca261f elementor-widget elementor-widget-text-editor\" data-id=\"6ca261f\" data-element_type=\"widget\" data-e-type=\"widget\" data-widget_type=\"text-editor.default\">\n\t\t\t\t<div class=\"elementor-widget-container\">\n\t\t\t\t\t\t\t\t\t<p data-sourcepos=\"3:1-3:393\">Vos prises \u00e9lectriques sont essentielles au bon fonctionnement de votre quotidien. Un dysfonctionnement, m\u00eame mineur, peut entra\u00eener des d\u00e9sagr\u00e9ments, voire des risques pour votre s\u00e9curit\u00e9. <strong>\u00c9lectricien D\u00e9pannage Colmar<\/strong>, votre expert en \u00e9lectricit\u00e9 \u00e0 Colmar, vous propose un service complet de <strong>maintenance de prises \u00e9lectriques<\/strong> pour vous garantir une installation fiable et s\u00e9curis\u00e9e.<\/p><p data-sourcepos=\"5:1-5:57\"><strong>Nos prestations de maintenance de prises \u00e9lectriques<\/strong>:<\/p><ul data-sourcepos=\"7:1-11:0\"><li data-sourcepos=\"7:1-7:233\"><strong>Diagnostic et contr\u00f4le<\/strong>: Nos \u00e9lectriciens qualifi\u00e9s r\u00e9alisent un diagnostic complet de vos prises \u00e9lectriques afin d&rsquo;identifier les \u00e9ventuels probl\u00e8mes : prises d\u00e9fectueuses, fils d\u00e9nud\u00e9s, mauvaises connexions, surcharges&#8230;<\/li><li data-sourcepos=\"8:1-8:212\"><strong>R\u00e9paration et remplacement<\/strong>: Nous effectuons la r\u00e9paration ou le remplacement de vos prises \u00e9lectriques d\u00e9fectueuses, en utilisant du mat\u00e9riel de qualit\u00e9 et en respectant les normes de s\u00e9curit\u00e9 en vigueur.<\/li><li data-sourcepos=\"9:1-9:163\"><strong>Mise aux normes<\/strong>: Votre installation \u00e9lectrique n&rsquo;est plus aux normes ? Nous la mettons en conformit\u00e9 pour assurer votre s\u00e9curit\u00e9 et celle de votre famille.<\/li><li data-sourcepos=\"10:1-11:0\"><strong>Conseils personnalis\u00e9s<\/strong>: Nos \u00e9lectriciens vous conseillent sur l&rsquo;utilisation optimale de vos prises \u00e9lectriques, les pr\u00e9cautions \u00e0 prendre et les solutions adapt\u00e9es \u00e0 vos besoins.<\/li><\/ul><p data-sourcepos=\"12:1-12:103\"><strong>Pourquoi faire appel \u00e0 \u00c9lectricien D\u00e9pannage Colmar pour la maintenance de vos prises \u00e9lectriques ?<\/strong><\/p><ul data-sourcepos=\"14:1-18:0\"><li data-sourcepos=\"14:1-14:122\"><strong>Expertise et savoir-faire<\/strong>: Nos \u00e9lectriciens sont form\u00e9s aux derni\u00e8res normes et techniques en mati\u00e8re d&rsquo;\u00e9lectricit\u00e9.<\/li><li data-sourcepos=\"15:1-15:116\"><strong>Intervention rapide<\/strong>: Nous intervenons rapidement \u00e0 Colmar et ses environs, 7j\/7 et 24h\/24 pour les urgences.<\/li><li data-sourcepos=\"16:1-16:105\"><strong>Tarifs transparents<\/strong>: Nous vous fournissons un devis gratuit et d\u00e9taill\u00e9 avant chaque intervention.<\/li><li data-sourcepos=\"17:1-18:0\"><strong>Satisfaction client<\/strong>: Notre priorit\u00e9 est votre satisfaction. Nous mettons tout en \u0153uvre pour vous offrir un service de qualit\u00e9 et r\u00e9pondre \u00e0 vos attentes.<\/li><\/ul><p data-sourcepos=\"19:1-19:84\"><strong>Les signes qui indiquent que vos prises \u00e9lectriques ont besoin d&rsquo;une maintenance<\/strong><\/p><ul data-sourcepos=\"21:1-25:0\"><li data-sourcepos=\"21:1-21:104\"><strong>Prise chaude<\/strong>: Une prise qui chauffe anormalement est un signe de mauvais contact ou de surcharge.<\/li><li data-sourcepos=\"22:1-22:125\"><strong>\u00c9tincelles<\/strong>: Des \u00e9tincelles lorsque vous branchez ou d\u00e9branchez un appareil peuvent indiquer un probl\u00e8me de connexion.<\/li><li data-sourcepos=\"23:1-23:139\"><strong>Odeur de br\u00fbl\u00e9<\/strong>: Une odeur de br\u00fbl\u00e9 provenant d&rsquo;une prise \u00e9lectrique est un signe de danger et n\u00e9cessite une intervention imm\u00e9diate.<\/li><li data-sourcepos=\"24:1-25:0\"><strong>Dysfonctionnement des appareils<\/strong>: Si vos appareils \u00e9lectriques ne fonctionnent pas correctement ou se coupent sans raison, cela peut \u00eatre d\u00fb \u00e0 un probl\u00e8me de prise \u00e9lectrique.<\/li><\/ul><p data-sourcepos=\"26:1-26:60\"><strong>Ne n\u00e9gligez pas la maintenance de vos prises \u00e9lectriques<\/strong><\/p><p data-sourcepos=\"28:1-28:265\">Une installation \u00e9lectrique bien entretenue est essentielle pour votre s\u00e9curit\u00e9 et votre confort. En confiant la maintenance de vos prises \u00e9lectriques \u00e0 <strong>\u00c9lectricien D\u00e9pannage Colmar<\/strong>, vous \u00e9vitez les risques d&rsquo;incendie, d&rsquo;\u00e9lectrocution et de dommages mat\u00e9riels.<\/p><p data-sourcepos=\"30:1-30:69\"><strong>Conseils pour une utilisation s\u00e9curis\u00e9e de vos prises \u00e9lectriques<\/strong><\/p><ul data-sourcepos=\"32:1-36:0\"><li data-sourcepos=\"32:1-32:97\">Ne surchargez pas vos prises \u00e9lectriques en branchant trop d&rsquo;appareils sur une m\u00eame multiprise.<\/li><li data-sourcepos=\"33:1-33:75\">\u00c9vitez de tirer sur le cordon d&rsquo;alimentation pour d\u00e9brancher un appareil.<\/li><li data-sourcepos=\"34:1-34:66\">Ne touchez jamais une prise \u00e9lectrique avec les mains mouill\u00e9es.<\/li><li data-sourcepos=\"35:1-36:0\">Faites v\u00e9rifier r\u00e9guli\u00e8rement l&rsquo;\u00e9tat de vos prises \u00e9lectriques par un \u00e9lectricien qualifi\u00e9.<\/li><\/ul>\t\t\t\t\t\t\t\t<\/div>\n\t\t\t\t<\/div>\n\t\t\t\t<div class=\"elementor-element elementor-element-61a4f50 elementor-align-right elementor-widget elementor-widget-button\" data-id=\"61a4f50\" data-element_type=\"widget\" data-e-type=\"widget\" data-widget_type=\"button.default\">\n\t\t\t\t<div class=\"elementor-widget-container\">\n\t\t\t\t\t\t\t\t\t<div class=\"elementor-button-wrapper\">\n\t\t\t\t\t<a class=\"elementor-button elementor-button-link elementor-size-sm\" href=\"https:\/\/electricien-depannage-colmar.fr\/?page_id=284\" target=\"_blank\">\n\t\t\t\t\t\t<span class=\"elementor-button-content-wrapper\">\n\t\t\t\t\t\t<span class=\"elementor-button-icon\">\n\t\t\t\t<svg aria-hidden=\"true\" class=\"e-font-icon-svg e-fas-euro-sign\" viewBox=\"0 0 320 512\" xmlns=\"http:\/\/www.w3.org\/2000\/svg\"><path d=\"M310.706 413.765c-1.314-6.63-7.835-10.872-14.424-9.369-10.692 2.439-27.422 5.413-45.426 5.413-56.763 0-101.929-34.79-121.461-85.449h113.689a12 12 0 0 0 11.708-9.369l6.373-28.36c1.686-7.502-4.019-14.631-11.708-14.631H115.22c-1.21-14.328-1.414-28.287.137-42.245H261.95a12 12 0 0 0 11.723-9.434l6.512-29.755c1.638-7.484-4.061-14.566-11.723-14.566H130.184c20.633-44.991 62.69-75.03 117.619-75.03 14.486 0 28.564 2.25 37.851 4.145 6.216 1.268 12.347-2.498 14.002-8.623l11.991-44.368c1.822-6.741-2.465-13.616-9.326-14.917C290.217 34.912 270.71 32 249.635 32 152.451 32 74.03 92.252 45.075 176H12c-6.627 0-12 5.373-12 12v29.755c0 6.627 5.373 12 12 12h21.569c-1.009 13.607-1.181 29.287-.181 42.245H12c-6.627 0-12 5.373-12 12v28.36c0 6.627 5.373 12 12 12h30.114C67.139 414.692 145.264 480 249.635 480c26.301 0 48.562-4.544 61.101-7.788 6.167-1.595 10.027-7.708 8.788-13.957l-8.818-44.49z\"><\/path><\/svg>\t\t\t<\/span>\n\t\t\t\t\t\t\t\t\t<span class=\"elementor-button-text\">TARIFS<\/span>\n\t\t\t\t\t<\/span>\n\t\t\t\t\t<\/a>\n\t\t\t\t<\/div>\n\t\t\t\t\t\t\t\t<\/div>\n\t\t\t\t<\/div>\n\t\t\t\t\t<\/div>\n\t\t\t\t<\/div>\n\t\t<div class=\"elementor-element elementor-element-9ced96f e-flex e-con-boxed e-con e-parent\" data-id=\"9ced96f\" data-element_type=\"container\" data-e-type=\"container\">\n\t\t\t\t\t<div class=\"e-con-inner\">\n\t\t\t\t<div class=\"elementor-element elementor-element-c7a3843 elementor-widget elementor-widget-image\" data-id=\"c7a3843\" data-element_type=\"widget\" data-e-type=\"widget\" data-widget_type=\"image.default\">\n\t\t\t\t<div class=\"elementor-widget-container\">\n\t\t\t\t\t\t\t\t\t\t\t\t\t\t\t<img fetchpriority=\"high\" decoding=\"async\" width=\"500\" height=\"500\" src=\"https:\/\/electricien-depannage-colmar.fr\/wp-content\/uploads\/2024\/07\/Design-sans-titre-35.png\" class=\"attachment-large size-large wp-image-83\" alt=\"\" srcset=\"https:\/\/electricien-depannage-colmar.fr\/wp-content\/uploads\/2024\/07\/Design-sans-titre-35.png 500w, https:\/\/electricien-depannage-colmar.fr\/wp-content\/uploads\/2024\/07\/Design-sans-titre-35-300x300.png 300w, https:\/\/electricien-depannage-colmar.fr\/wp-content\/uploads\/2024\/07\/Design-sans-titre-35-100x100.png 100w, https:\/\/electricien-depannage-colmar.fr\/wp-content\/uploads\/2024\/07\/Design-sans-titre-35-150x150.png 150w\" sizes=\"(max-width: 500px) 100vw, 500px\" \/>\t\t\t\t\t\t\t\t\t\t\t\t\t\t\t<\/div>\n\t\t\t\t<\/div>\n\t\t\t\t<div class=\"elementor-element elementor-element-decf2e0 elementor-align-center elementor-widget elementor-widget-button\" data-id=\"decf2e0\" data-element_type=\"widget\" data-e-type=\"widget\" data-widget_type=\"button.default\">\n\t\t\t\t<div class=\"elementor-widget-container\">\n\t\t\t\t\t\t\t\t\t<div class=\"elementor-button-wrapper\">\n\t\t\t\t\t<a class=\"elementor-button elementor-button-link elementor-size-sm\" href=\"mailto:contact@electricien-depannage-colmar.fr\">\n\t\t\t\t\t\t<span class=\"elementor-button-content-wrapper\">\n\t\t\t\t\t\t<span class=\"elementor-button-icon\">\n\t\t\t\t<svg aria-hidden=\"true\" class=\"e-font-icon-svg e-fas-at\" viewBox=\"0 0 512 512\" xmlns=\"http:\/\/www.w3.org\/2000\/svg\"><path d=\"M256 8C118.941 8 8 118.919 8 256c0 137.059 110.919 248 248 248 48.154 0 95.342-14.14 135.408-40.223 12.005-7.815 14.625-24.288 5.552-35.372l-10.177-12.433c-7.671-9.371-21.179-11.667-31.373-5.129C325.92 429.757 291.314 440 256 440c-101.458 0-184-82.542-184-184S154.542 72 256 72c100.139 0 184 57.619 184 160 0 38.786-21.093 79.742-58.17 83.693-17.349-.454-16.91-12.857-13.476-30.024l23.433-121.11C394.653 149.75 383.308 136 368.225 136h-44.981a13.518 13.518 0 0 0-13.432 11.993l-.01.092c-14.697-17.901-40.448-21.775-59.971-21.775-74.58 0-137.831 62.234-137.831 151.46 0 65.303 36.785 105.87 96 105.87 26.984 0 57.369-15.637 74.991-38.333 9.522 34.104 40.613 34.103 70.71 34.103C462.609 379.41 504 307.798 504 232 504 95.653 394.023 8 256 8zm-21.68 304.43c-22.249 0-36.07-15.623-36.07-40.771 0-44.993 30.779-72.729 58.63-72.729 22.292 0 35.601 15.241 35.601 40.77 0 45.061-33.875 72.73-58.161 72.73z\"><\/path><\/svg>\t\t\t<\/span>\n\t\t\t\t\t\t\t\t\t<span class=\"elementor-button-text\">CONTACT<\/span>\n\t\t\t\t\t<\/span>\n\t\t\t\t\t<\/a>\n\t\t\t\t<\/div>\n\t\t\t\t\t\t\t\t<\/div>\n\t\t\t\t<\/div>\n\t\t\t\t\t<\/div>\n\t\t\t\t<\/div>\n\t\t\t\t<\/div>\n\t\t","protected":false},"excerpt":{"rendered":"<p>URGENCE Maintenance Prise \u00c9lectrique \u00e0 Colmar Garantissez la s\u00e9curit\u00e9 et la fiabilit\u00e9 de votre installation \u00e9lectrique ! Vos prises \u00e9lectriques sont essentielles au bon fonctionnement de votre quotidien. Un dysfonctionnement, m\u00eame mineur, peut entra\u00eener des d\u00e9sagr\u00e9ments, voire des risques pour votre s\u00e9curit\u00e9. \u00c9lectricien D\u00e9pannage Colmar, votre expert en \u00e9lectricit\u00e9 \u00e0 Colmar, vous propose un service [&hellip;]<\/p>\n","protected":false},"author":3,"featured_media":0,"parent":0,"menu_order":0,"comment_status":"closed","ping_status":"closed","template":"elementor_theme","meta":{"footnotes":""},"class_list":["post-1400","page","type-page","status-publish","hentry"],"yoast_head":"<!-- This site is optimized with the Yoast SEO plugin v27.5 - https:\/\/yoast.com\/product\/yoast-seo-wordpress\/ -->\n<title>Maintenance Prises \u00e9lectriques - Electricien D&eacute;pannage Colmar<\/title>\n<meta name=\"robots\" content=\"index, follow, max-snippet:-1, max-image-preview:large, max-video-preview:-1\" \/>\n<link rel=\"canonical\" href=\"https:\/\/electricien-depannage-colmar.fr\/?page_id=1400\" \/>\n<meta property=\"og:locale\" content=\"fr_FR\" \/>\n<meta property=\"og:type\" content=\"article\" \/>\n<meta property=\"og:title\" content=\"Maintenance Prises \u00e9lectriques - Electricien D&eacute;pannage Colmar\" \/>\n<meta property=\"og:description\" content=\"URGENCE Maintenance Prise \u00c9lectrique \u00e0 Colmar Garantissez la s\u00e9curit\u00e9 et la fiabilit\u00e9 de votre installation \u00e9lectrique ! Vos prises \u00e9lectriques sont essentielles au bon fonctionnement de votre quotidien. Un dysfonctionnement, m\u00eame mineur, peut entra\u00eener des d\u00e9sagr\u00e9ments, voire des risques pour votre s\u00e9curit\u00e9. \u00c9lectricien D\u00e9pannage Colmar, votre expert en \u00e9lectricit\u00e9 \u00e0 Colmar, vous propose un service [&hellip;]\" \/>\n<meta property=\"og:url\" content=\"https:\/\/electricien-depannage-colmar.fr\/?page_id=1400\" \/>\n<meta property=\"og:site_name\" content=\"Electricien D&eacute;pannage Colmar\" \/>\n<meta property=\"article:modified_time\" content=\"2025-01-30T12:25:55+00:00\" \/>\n<meta property=\"og:image\" content=\"https:\/\/electricien-depannage-colmar.fr\/wp-content\/uploads\/2024\/07\/Design-sans-titre-35.png\" \/>\n\t<meta property=\"og:image:width\" content=\"500\" \/>\n\t<meta property=\"og:image:height\" content=\"500\" \/>\n\t<meta property=\"og:image:type\" content=\"image\/png\" \/>\n<meta name=\"twitter:card\" content=\"summary_large_image\" \/>\n<meta name=\"twitter:label1\" content=\"Dur\u00e9e de lecture estim\u00e9e\" \/>\n\t<meta name=\"twitter:data1\" content=\"3 minutes\" \/>\n<script type=\"application\/ld+json\" class=\"yoast-schema-graph\">{\"@context\":\"https:\\\/\\\/schema.org\",\"@graph\":[{\"@type\":\"WebPage\",\"@id\":\"https:\\\/\\\/electricien-depannage-colmar.fr\\\/?page_id=1400\",\"url\":\"https:\\\/\\\/electricien-depannage-colmar.fr\\\/?page_id=1400\",\"name\":\"Maintenance Prises \u00e9lectriques - Electricien D&eacute;pannage Colmar\",\"isPartOf\":{\"@id\":\"https:\\\/\\\/electricien-depannage-colmar.fr\\\/#website\"},\"primaryImageOfPage\":{\"@id\":\"https:\\\/\\\/electricien-depannage-colmar.fr\\\/?page_id=1400#primaryimage\"},\"image\":{\"@id\":\"https:\\\/\\\/electricien-depannage-colmar.fr\\\/?page_id=1400#primaryimage\"},\"thumbnailUrl\":\"https:\\\/\\\/electricien-depannage-colmar.fr\\\/wp-content\\\/uploads\\\/2024\\\/07\\\/Design-sans-titre-35.png\",\"datePublished\":\"2025-01-28T13:20:55+00:00\",\"dateModified\":\"2025-01-30T12:25:55+00:00\",\"breadcrumb\":{\"@id\":\"https:\\\/\\\/electricien-depannage-colmar.fr\\\/?page_id=1400#breadcrumb\"},\"inLanguage\":\"fr-FR\",\"potentialAction\":[{\"@type\":\"ReadAction\",\"target\":[\"https:\\\/\\\/electricien-depannage-colmar.fr\\\/?page_id=1400\"]}]},{\"@type\":\"ImageObject\",\"inLanguage\":\"fr-FR\",\"@id\":\"https:\\\/\\\/electricien-depannage-colmar.fr\\\/?page_id=1400#primaryimage\",\"url\":\"https:\\\/\\\/electricien-depannage-colmar.fr\\\/wp-content\\\/uploads\\\/2024\\\/07\\\/Design-sans-titre-35.png\",\"contentUrl\":\"https:\\\/\\\/electricien-depannage-colmar.fr\\\/wp-content\\\/uploads\\\/2024\\\/07\\\/Design-sans-titre-35.png\",\"width\":500,\"height\":500,\"caption\":\"D\u00e9pannage\"},{\"@type\":\"BreadcrumbList\",\"@id\":\"https:\\\/\\\/electricien-depannage-colmar.fr\\\/?page_id=1400#breadcrumb\",\"itemListElement\":[{\"@type\":\"ListItem\",\"position\":1,\"name\":\"Accueil\",\"item\":\"https:\\\/\\\/electricien-depannage-colmar.fr\\\/\"},{\"@type\":\"ListItem\",\"position\":2,\"name\":\"Maintenance Prises \u00e9lectriques\"}]},{\"@type\":\"WebSite\",\"@id\":\"https:\\\/\\\/electricien-depannage-colmar.fr\\\/#website\",\"url\":\"https:\\\/\\\/electricien-depannage-colmar.fr\\\/\",\"name\":\"Electricien D&eacute;pannage Colmar\",\"description\":\"\",\"publisher\":{\"@id\":\"https:\\\/\\\/electricien-depannage-colmar.fr\\\/#organization\"},\"potentialAction\":[{\"@type\":\"SearchAction\",\"target\":{\"@type\":\"EntryPoint\",\"urlTemplate\":\"https:\\\/\\\/electricien-depannage-colmar.fr\\\/?s={search_term_string}\"},\"query-input\":{\"@type\":\"PropertyValueSpecification\",\"valueRequired\":true,\"valueName\":\"search_term_string\"}}],\"inLanguage\":\"fr-FR\"},{\"@type\":\"Organization\",\"@id\":\"https:\\\/\\\/electricien-depannage-colmar.fr\\\/#organization\",\"name\":\"Electricien D&eacute;pannage Colmar\",\"url\":\"https:\\\/\\\/electricien-depannage-colmar.fr\\\/\",\"logo\":{\"@type\":\"ImageObject\",\"inLanguage\":\"fr-FR\",\"@id\":\"https:\\\/\\\/electricien-depannage-colmar.fr\\\/#\\\/schema\\\/logo\\\/image\\\/\",\"url\":\"https:\\\/\\\/electricien-depannage-colmar.fr\\\/wp-content\\\/uploads\\\/2025\\\/01\\\/cropped-EDMI-2.png\",\"contentUrl\":\"https:\\\/\\\/electricien-depannage-colmar.fr\\\/wp-content\\\/uploads\\\/2025\\\/01\\\/cropped-EDMI-2.png\",\"width\":250,\"height\":250,\"caption\":\"Electricien D&eacute;pannage Colmar\"},\"image\":{\"@id\":\"https:\\\/\\\/electricien-depannage-colmar.fr\\\/#\\\/schema\\\/logo\\\/image\\\/\"}}]}<\/script>\n<!-- \/ Yoast SEO plugin. -->","yoast_head_json":{"title":"Maintenance Prises \u00e9lectriques - Electricien D&eacute;pannage Colmar","robots":{"index":"index","follow":"follow","max-snippet":"max-snippet:-1","max-image-preview":"max-image-preview:large","max-video-preview":"max-video-preview:-1"},"canonical":"https:\/\/electricien-depannage-colmar.fr\/?page_id=1400","og_locale":"fr_FR","og_type":"article","og_title":"Maintenance Prises \u00e9lectriques - Electricien D&eacute;pannage Colmar","og_description":"URGENCE Maintenance Prise \u00c9lectrique \u00e0 Colmar Garantissez la s\u00e9curit\u00e9 et la fiabilit\u00e9 de votre installation \u00e9lectrique ! Vos prises \u00e9lectriques sont essentielles au bon fonctionnement de votre quotidien. Un dysfonctionnement, m\u00eame mineur, peut entra\u00eener des d\u00e9sagr\u00e9ments, voire des risques pour votre s\u00e9curit\u00e9. \u00c9lectricien D\u00e9pannage Colmar, votre expert en \u00e9lectricit\u00e9 \u00e0 Colmar, vous propose un service [&hellip;]","og_url":"https:\/\/electricien-depannage-colmar.fr\/?page_id=1400","og_site_name":"Electricien D&eacute;pannage Colmar","article_modified_time":"2025-01-30T12:25:55+00:00","og_image":[{"width":500,"height":500,"url":"https:\/\/electricien-depannage-colmar.fr\/wp-content\/uploads\/2024\/07\/Design-sans-titre-35.png","type":"image\/png"}],"twitter_card":"summary_large_image","twitter_misc":{"Dur\u00e9e de lecture estim\u00e9e":"3 minutes"},"schema":{"@context":"https:\/\/schema.org","@graph":[{"@type":"WebPage","@id":"https:\/\/electricien-depannage-colmar.fr\/?page_id=1400","url":"https:\/\/electricien-depannage-colmar.fr\/?page_id=1400","name":"Maintenance Prises \u00e9lectriques - Electricien D&eacute;pannage Colmar","isPartOf":{"@id":"https:\/\/electricien-depannage-colmar.fr\/#website"},"primaryImageOfPage":{"@id":"https:\/\/electricien-depannage-colmar.fr\/?page_id=1400#primaryimage"},"image":{"@id":"https:\/\/electricien-depannage-colmar.fr\/?page_id=1400#primaryimage"},"thumbnailUrl":"https:\/\/electricien-depannage-colmar.fr\/wp-content\/uploads\/2024\/07\/Design-sans-titre-35.png","datePublished":"2025-01-28T13:20:55+00:00","dateModified":"2025-01-30T12:25:55+00:00","breadcrumb":{"@id":"https:\/\/electricien-depannage-colmar.fr\/?page_id=1400#breadcrumb"},"inLanguage":"fr-FR","potentialAction":[{"@type":"ReadAction","target":["https:\/\/electricien-depannage-colmar.fr\/?page_id=1400"]}]},{"@type":"ImageObject","inLanguage":"fr-FR","@id":"https:\/\/electricien-depannage-colmar.fr\/?page_id=1400#primaryimage","url":"https:\/\/electricien-depannage-colmar.fr\/wp-content\/uploads\/2024\/07\/Design-sans-titre-35.png","contentUrl":"https:\/\/electricien-depannage-colmar.fr\/wp-content\/uploads\/2024\/07\/Design-sans-titre-35.png","width":500,"height":500,"caption":"D\u00e9pannage"},{"@type":"BreadcrumbList","@id":"https:\/\/electricien-depannage-colmar.fr\/?page_id=1400#breadcrumb","itemListElement":[{"@type":"ListItem","position":1,"name":"Accueil","item":"https:\/\/electricien-depannage-colmar.fr\/"},{"@type":"ListItem","position":2,"name":"Maintenance Prises \u00e9lectriques"}]},{"@type":"WebSite","@id":"https:\/\/electricien-depannage-colmar.fr\/#website","url":"https:\/\/electricien-depannage-colmar.fr\/","name":"Electricien D&eacute;pannage Colmar","description":"","publisher":{"@id":"https:\/\/electricien-depannage-colmar.fr\/#organization"},"potentialAction":[{"@type":"SearchAction","target":{"@type":"EntryPoint","urlTemplate":"https:\/\/electricien-depannage-colmar.fr\/?s={search_term_string}"},"query-input":{"@type":"PropertyValueSpecification","valueRequired":true,"valueName":"search_term_string"}}],"inLanguage":"fr-FR"},{"@type":"Organization","@id":"https:\/\/electricien-depannage-colmar.fr\/#organization","name":"Electricien D&eacute;pannage Colmar","url":"https:\/\/electricien-depannage-colmar.fr\/","logo":{"@type":"ImageObject","inLanguage":"fr-FR","@id":"https:\/\/electricien-depannage-colmar.fr\/#\/schema\/logo\/image\/","url":"https:\/\/electricien-depannage-colmar.fr\/wp-content\/uploads\/2025\/01\/cropped-EDMI-2.png","contentUrl":"https:\/\/electricien-depannage-colmar.fr\/wp-content\/uploads\/2025\/01\/cropped-EDMI-2.png","width":250,"height":250,"caption":"Electricien D&eacute;pannage Colmar"},"image":{"@id":"https:\/\/electricien-depannage-colmar.fr\/#\/schema\/logo\/image\/"}}]}},"_links":{"self":[{"href":"https:\/\/electricien-depannage-colmar.fr\/index.php?rest_route=\/wp\/v2\/pages\/1400","targetHints":{"allow":["GET"]}}],"collection":[{"href":"https:\/\/electricien-depannage-colmar.fr\/index.php?rest_route=\/wp\/v2\/pages"}],"about":[{"href":"https:\/\/electricien-depannage-colmar.fr\/index.php?rest_route=\/wp\/v2\/types\/page"}],"author":[{"embeddable":true,"href":"https:\/\/electricien-depannage-colmar.fr\/index.php?rest_route=\/wp\/v2\/users\/3"}],"replies":[{"embeddable":true,"href":"https:\/\/electricien-depannage-colmar.fr\/index.php?rest_route=%2Fwp%2Fv2%2Fcomments&post=1400"}],"version-history":[{"count":22,"href":"https:\/\/electricien-depannage-colmar.fr\/index.php?rest_route=\/wp\/v2\/pages\/1400\/revisions"}],"predecessor-version":[{"id":1558,"href":"https:\/\/electricien-depannage-colmar.fr\/index.php?rest_route=\/wp\/v2\/pages\/1400\/revisions\/1558"}],"wp:attachment":[{"href":"https:\/\/electricien-depannage-colmar.fr\/index.php?rest_route=%2Fwp%2Fv2%2Fmedia&parent=1400"}],"curies":[{"name":"wp","href":"https:\/\/api.w.org\/{rel}","templated":true}]}}